{"id":855,"date":"2026-03-16T17:26:33","date_gmt":"2026-03-16T17:26:33","guid":{"rendered":"http:\/\/web2.pssr.sk\/?page_id=855"},"modified":"2026-04-15T12:42:19","modified_gmt":"2026-04-15T12:42:19","slug":"nakupne-trhy-capov","status":"publish","type":"page","link":"http:\/\/web2.pssr.sk\/index.php\/sk\/nakupne-trhy-capov\/","title":{"rendered":"N\u00e1kupn\u00e9 trhy capov"},"content":{"rendered":"\n<h2 class=\"wp-block-heading\">Katal\u00f3gy na n\u00e1kupn\u00e9 trhy (NT) capov<\/h2>\n\n\n\n<ul class=\"wp-block-list\">\n<li>Obsahuj\u00fa identifika\u010dn\u00e9 a hodnotiace \u00fadaje jedinca, ktor\u00fd sa na NT po hodnoten\u00ed v\u00fdberovou komisiou zarad\u00ed ako dospel\u00fd jedinec do plemenitby.<\/li>\n\n\n\n<li>V katal\u00f3gu s\u00fa nasleduj\u00face \u00fadaje o jedincovi: plodnos\u0165, mliekov\u00fa u\u017eitkovos\u0165 matky, v\u00fdsledn\u00e9 triedy rodi\u010dov a ich zaradenie v plemennej knihe.<\/li>\n\n\n\n<li>Vytv\u00e1raj\u00fa sa 3 t\u00fd\u017edne pred term\u00ednom NT. Term\u00edny NT ur\u010duje ZCHOK. Zvy\u010dajne sa konaj\u00fa 3 n\u00e1kupn\u00e9 trhy koncom augusta.<\/li>\n\n\n\n<li>Po ohodnoten\u00ed capa v\u00fdberovou komisiou sa mu pridel\u00ed v\u00fdsledn\u00e1 trieda, zarad\u00ed sa do plemennej knihy a vytla\u010d\u00ed sa mu potvrdenie o p\u00f4vode. \u00dadaje z n\u00e1kupn\u00e9ho trhu sa vracaj\u00fa v elektronickej podobe a po ich spracovan\u00ed je cap zaraden\u00fd do datab\u00e1zy ako dospel\u00fd jedinec ur\u010den\u00fd pre plemenitbu.<\/li>\n<\/ul>\n\n\n\n\n<div class=\"govuk-inset-text\">\n        <h2 class=\"govuk-heading-m\">Aktu\u00e1lny katal\u00f3g capov spolu s arch\u00edvnymi katal\u00f3gmi poskytuje Plemen\u00e1rsky informa\u010dn\u00fd syst\u00e9m &#8211; PLIS<\/h2>\n        <a href=\"https:\/\/www.plis.sk\" class=\"govuk-button\" target=\"_blank\" rel=\"noopener noreferrer\">Vst\u00fapi\u0165<\/a>\n      <\/div>\n\n","protected":false},"excerpt":{"rendered":"<p>Katal\u00f3gy na n\u00e1kupn\u00e9 trhy (NT) capov Aktu\u00e1lny katal\u00f3g capov spolu s arch\u00edvnymi katal\u00f3gmi poskytuje Plemen\u00e1rsky informa\u010dn\u00fd syst\u00e9m &#8211; PLIS Vst\u00fapi\u0165<\/p>\n","protected":false},"author":1,"featured_media":0,"parent":0,"menu_order":0,"comment_status":"closed","ping_status":"closed","template":"","meta":{"footnotes":""},"class_list":["post-855","page","type-page","status-publish","hentry"],"_links":{"self":[{"href":"http:\/\/web2.pssr.sk\/index.php\/wp-json\/wp\/v2\/pages\/855","targetHints":{"allow":["GET"]}}],"collection":[{"href":"http:\/\/web2.pssr.sk\/index.php\/wp-json\/wp\/v2\/pages"}],"about":[{"href":"http:\/\/web2.pssr.sk\/index.php\/wp-json\/wp\/v2\/types\/page"}],"author":[{"embeddable":true,"href":"http:\/\/web2.pssr.sk\/index.php\/wp-json\/wp\/v2\/users\/1"}],"replies":[{"embeddable":true,"href":"http:\/\/web2.pssr.sk\/index.php\/wp-json\/wp\/v2\/comments?post=855"}],"version-history":[{"count":2,"href":"http:\/\/web2.pssr.sk\/index.php\/wp-json\/wp\/v2\/pages\/855\/revisions"}],"predecessor-version":[{"id":1174,"href":"http:\/\/web2.pssr.sk\/index.php\/wp-json\/wp\/v2\/pages\/855\/revisions\/1174"}],"wp:attachment":[{"href":"http:\/\/web2.pssr.sk\/index.php\/wp-json\/wp\/v2\/media?parent=855"}],"curies":[{"name":"wp","href":"https:\/\/api.w.org\/{rel}","templated":true}]}}