{"id":383,"date":"2026-03-10T08:40:36","date_gmt":"2026-03-10T08:40:36","guid":{"rendered":"http:\/\/web2.pssr.sk\/?page_id=383"},"modified":"2026-03-10T08:40:37","modified_gmt":"2026-03-10T08:40:37","slug":"prirucky-k-programom","status":"publish","type":"page","link":"http:\/\/web2.pssr.sk\/index.php\/sk\/prirucky-k-programom\/","title":{"rendered":"Pr\u00edru\u010dky k programom"},"content":{"rendered":"\n\t<div class=\"govuk-accordion\" data-module=\"idsk-accordion\" id=\"w2FygWf79dpdxE9u1SDXC\">\n\t\t<div class=\"govuk-accordion__controls\">\n\t\t\t<button class=\"govuk-accordion__open-all\"\n\t\t\t\tdata-open-title=\"Open all\"\n\t\t\t\tdata-close-title=\"Close all\"\n\t\t\t\ttype=\"button\"\n\t\t\t\taria-expanded=\"false\"\n\t\t\t>\n\t\t\t\t<span class=\"govuk-visually-hidden govuk-accordion__controls-span\" data-section-title=\"sections\"><\/span>\n\t\t\t<\/button>\n\t\t<\/div>\n\n\t\t\t\t\t<div class=\"govuk-accordion__section \">\n\t\t\t\t<div class=\"govuk-accordion__section-header\">\n\t\t\t\t\t<h2 class=\"govuk-accordion__section-heading\">\n\t\t\t\t\t\t<span class=\"govuk-accordion__section-button\" id=\"w2FygWf79dpdxE9u1SDXC-heading-1\">\n\t\t\t\t\t\t\tAktu\u00e1lne inform\u00e1cie o programoch\t\t\t\t\t\t<\/span>\n\t\t\t\t\t<\/h2>\n\t\t\t\t\t<div class=\"govuk-accordion__section-summary govuk-body\" id=\"w2FygWf79dpdxE9u1SDXC-summary-1\">\n\t\t\t\t\t\t\t\t\t\t\t<\/div>\n\t\t\t\t<\/div>\n\t\t\t\t<div id=\"w2FygWf79dpdxE9u1SDXC-content-1\"\n\t\t\t\t\tclass=\"govuk-accordion__section-content\"\n\t\t\t\t\taria-labelledby=\"w2FygWf79dpdxE9u1SDXC-heading-1\"\n\t\t\t\t>\n\t\t\t\t\t<a href=\"https:\/\/pssr.sk\/wp-content\/uploads\/stiah\/info\/PLIS_chovatel.pdf\" target=\"_blank\" rel=\"noreferrer noopener\">Pr\u00edstup k d\u00e1tam z kontroly \u00fa\u017eitkovosti odteraz cez Plemen\u00e1rsky informa\u010dn\u00fd syst\u00e9m<\/a>\t\t\t\t<\/div>\n\t\t\t<\/div>\n\t\t\t\t\t\t<div class=\"govuk-accordion__section \">\n\t\t\t\t<div class=\"govuk-accordion__section-header\">\n\t\t\t\t\t<h2 class=\"govuk-accordion__section-heading\">\n\t\t\t\t\t\t<span class=\"govuk-accordion__section-button\" id=\"w2FygWf79dpdxE9u1SDXC-heading-2\">\n\t\t\t\t\t\t\tPr\u00edru\u010dky k programom\t\t\t\t\t\t<\/span>\n\t\t\t\t\t<\/h2>\n\t\t\t\t\t<div class=\"govuk-accordion__section-summary govuk-body\" id=\"w2FygWf79dpdxE9u1SDXC-summary-2\">\n\t\t\t\t\t\t\t\t\t\t\t<\/div>\n\t\t\t\t<\/div>\n\t\t\t\t<div id=\"w2FygWf79dpdxE9u1SDXC-content-2\"\n\t\t\t\t\tclass=\"govuk-accordion__section-content\"\n\t\t\t\t\taria-labelledby=\"w2FygWf79dpdxE9u1SDXC-heading-2\"\n\t\t\t\t>\n\t\t\t\t\t<a href=\"https:\/\/pssr.sk\/wp-content\/uploads\/stiah\/info\/WinRegHD_prirucka.doc\" target=\"_blank\" rel=\"noreferrer noopener\">WinregHD \u2013 individu\u00e1lny register HD na farme<\/a><br><a href=\"https:\/\/pssr.sk\/wp-content\/uploads\/stiah\/info\/WinregHD_opr_udal.pdf\" target=\"_blank\" rel=\"noreferrer noopener\">WinregHD \u2013 oprava udalost\u00ed<\/a><br><a href=\"https:\/\/pssr.sk\/wp-content\/uploads\/stiah\/info\/Winreg_evidovanie_majitelov.doc\" target=\"_blank\" rel=\"noreferrer noopener\">Popis evidencie majite\u013eov jednotliv\u00fdch zvierat v programoch WinregHD, WinregOv a WinregKo<\/a><br><a href=\"https:\/\/pssr.sk\/wp-content\/uploads\/stiah\/info\/WinRegOK_prirucka.doc\" target=\"_blank\" rel=\"noreferrer noopener\">WinregOV \u2013 individu\u00e1lny register oviec na farme<\/a><br><a href=\"https:\/\/pssr.sk\/wp-content\/uploads\/stiah\/info\/WinRegOK_prirucka.doc\" target=\"_blank\" rel=\"noreferrer noopener\">WinregKO \u2013 individu\u00e1lny register k\u00f4z na farme<\/a><br><a href=\"https:\/\/pssr.sk\/wp-content\/uploads\/stiah\/info\/WinRegOS_prirucka.pdf\" target=\"_blank\" rel=\"noreferrer noopener\">WinregO\u0160 \u2013 individu\u00e1lny register o\u0161\u00edpan\u00fdch na farme<\/a><br><a href=\"https:\/\/pssr.sk\/wp-content\/uploads\/stiah\/info\/WreproHDPrirucka.pdf\" target=\"_blank\" rel=\"noreferrer noopener\">WreproHD \u2013 reprodukcia HD<\/a>\t\t\t\t<\/div>\n\t\t\t<\/div>\n\t\t\t\t\t\t<div class=\"govuk-accordion__section \">\n\t\t\t\t<div class=\"govuk-accordion__section-header\">\n\t\t\t\t\t<h2 class=\"govuk-accordion__section-heading\">\n\t\t\t\t\t\t<span class=\"govuk-accordion__section-button\" id=\"w2FygWf79dpdxE9u1SDXC-heading-3\">\n\t\t\t\t\t\t\tN\u00e1vody\t\t\t\t\t\t<\/span>\n\t\t\t\t\t<\/h2>\n\t\t\t\t\t<div class=\"govuk-accordion__section-summary govuk-body\" id=\"w2FygWf79dpdxE9u1SDXC-summary-3\">\n\t\t\t\t\t\t\t\t\t\t\t<\/div>\n\t\t\t\t<\/div>\n\t\t\t\t<div id=\"w2FygWf79dpdxE9u1SDXC-content-3\"\n\t\t\t\t\tclass=\"govuk-accordion__section-content\"\n\t\t\t\t\taria-labelledby=\"w2FygWf79dpdxE9u1SDXC-heading-3\"\n\t\t\t\t>\n\t\t\t\t\t<a href=\"http:\/\/pssr.sk\/wp-content\/uploads\/stiah\/info\/Navod_na_instalaciu_PLIS_EZ.pdf\">N\u00e1vod na in\u0161tal\u00e1ciu mobilnej aplik\u00e1cie PLIS EZ<\/a><br><a href=\"http:\/\/pssr.sk\/wp-content\/uploads\/docs\/pokyny_Winreg.pdf\">N\u00e1vod na in\u0161tal\u00e1ciu programu Winreg<\/a><br><a href=\"http:\/\/pssr.sk\/wp-content\/uploads\/docs\/Navod_manualna_aktualizacia_Winreg.pdf\">N\u00e1vod na manu\u00e1lnu aktualiz\u00e1ciu aplik\u00e1cie WinReg<\/a>\t\t\t\t<\/div>\n\t\t\t<\/div>\n\t\t\t\t<\/div>\n\n\t","protected":false},"excerpt":{"rendered":"","protected":false},"author":1,"featured_media":0,"parent":0,"menu_order":0,"comment_status":"closed","ping_status":"closed","template":"","meta":{"footnotes":""},"class_list":["post-383","page","type-page","status-publish","hentry"],"_links":{"self":[{"href":"http:\/\/web2.pssr.sk\/index.php\/wp-json\/wp\/v2\/pages\/383","targetHints":{"allow":["GET"]}}],"collection":[{"href":"http:\/\/web2.pssr.sk\/index.php\/wp-json\/wp\/v2\/pages"}],"about":[{"href":"http:\/\/web2.pssr.sk\/index.php\/wp-json\/wp\/v2\/types\/page"}],"author":[{"embeddable":true,"href":"http:\/\/web2.pssr.sk\/index.php\/wp-json\/wp\/v2\/users\/1"}],"replies":[{"embeddable":true,"href":"http:\/\/web2.pssr.sk\/index.php\/wp-json\/wp\/v2\/comments?post=383"}],"version-history":[{"count":1,"href":"http:\/\/web2.pssr.sk\/index.php\/wp-json\/wp\/v2\/pages\/383\/revisions"}],"predecessor-version":[{"id":384,"href":"http:\/\/web2.pssr.sk\/index.php\/wp-json\/wp\/v2\/pages\/383\/revisions\/384"}],"wp:attachment":[{"href":"http:\/\/web2.pssr.sk\/index.php\/wp-json\/wp\/v2\/media?parent=383"}],"curies":[{"name":"wp","href":"https:\/\/api.w.org\/{rel}","templated":true}]}}